mon factor of d and h.
33
Let w be -2*1784/(-3) - 118/(-177). Calculate the greatest common factor of 140 and w.
70
Let x(i) = i**3 + 9*i**2 + 8*i + 3. Let h be x(-7). Let a be (-43)/((-645)/810) + 12*(-1)/(-2). Calculate the greatest common divisor of h and a.
15
Let h(p) = 19*p**2 + 11*p + 56. Let d be h(-5). Let i = d + -452. Calculate the highest common factor of i and 132.
12
Let q = 54 + -39. Suppose 4*l = l + 66. Let h be (2/11 - 334/l)*-1. What is the highest common divisor of q and h?
15
Let t(o) = o**2 - 5*o + 6. Let z(l) = -l. Let p(w) = t(w) - 6*z(w). Let u be p(10). Suppose -307*j - 58 = -309*j. What is the highest common factor of j and u?
29
Suppose 25*m - 1934 = -916 + 3782. What is the greatest common factor of 608 and m?
32
Suppose 3*d + 5*o = 349, 3*d - 11*o = -14*o + 351. What is the greatest common factor of d and 2419?
59
Let c = 168 + -175. Let o be 161 - (-15 + 1 - c). What is the greatest common divisor of o and 21?
21
Suppose -18*a + 9*a + 234 = 0. Suppose 184 = -3*x + a*x. Let b = -66 - -94. What is the greatest common divisor of b and x?
4
Let o be (414/4)/1 + (-36)/24. Let y(s) = -9*s - 43. Let b be y(-16). Let a = b + -50. Calculate the highest common divisor of o and a.
51
Let c(u) = 66*u - 1543. Let i be c(43). What is the highest common divisor of i and 35?
35
Let b = 81 + -17. Let z = 327 + -311. What is the highest common factor of b and z?
16
Suppose 0 = -46*h - 175*h + 89726. What is the highest common factor of h and 84?
14
Let g(l) be the third derivative of l**4/3 - 50*l**3/3 + 10*l**2. Let n be g(14). Let b be (1 - 3) + 52 - 2. Calculate the greatest common divisor of b and n.
12
Suppose -149*q = -144*q - 221925. Let g be 1/(-8) - q/(-264). What is the greatest common factor of g and 96?
24
Let s(l) = l**2 - 19*l - 58. Let z be s(-26). Suppose 1671 = a + 2*a - 3*i, -i - z = -2*a. Calculate the highest common factor of 30 and a.
15
Let y = 54 - 8. Suppose 0 = 23*h - 10834 + 10788. What is the highest common divisor of h and y?
2
Suppose 4028 - 54673 = -3*c + 5*x, 5*c + 5*x - 84355 = 0. Calculate the greatest common factor of c and 27.
27
Suppose -142662 + 53043 = -14*b + 48841. Calculate the highest common factor of 92 and b.
46
Let p(t) = -606*t - 9652. Let f be p(-16). Calculate the greatest common divisor of f and 1100.
44
Let q(h) = -2*h**3 - 22*h**2 + 6. Let f be q(-11). Let w be (-12)/f*-3 - -26. What is the highest common factor of 1024 and w?
32
Let a = -57 + 57. Suppose a = -3*z + 7*z - 676. Suppose 129 = 2*c + 3*g, 2*c - z + 35 = -2*g. Calculate the highest common divisor of c and 18.
18
Suppose -81 = -4*k + a - 6*a, -3*a = -5*k + 55. Let g = 21 + -9. Let f = -10 + g. What is the greatest common factor of k and f?
2
Let a(r) = 221*r - 161474. Let t be a(731). Suppose 10 = l - s - 28, 2*l - s = 73. Calculate the greatest common factor of t and l.
7
Let x(w) = w**3 - 39*w**2 + 84*w - 340. Let v be x(37). Calculate the highest common factor of v and 1455.
15
Let q(s) = -s**2 + s + 9. Let k be q(4). Let y be (k/15 + 0)*-5. Let z(f) = -5*f - 4. Let w be z(-1). Calculate the greatest common divisor of w and y.
1
Let z = 1050 + -1020. Let s(b) = -4*b**2 - 8 + 11*b**2 - 4 + 0. Let f be s(-6). Calculate the highest common divisor of z and f.
30
Suppose 66*o - 1124 = -59*o + 751. What is the greatest common divisor of o and 1130?
5
Suppose -5*w + 110 = -5*y, 1190*w = 1191*w + y - 22. What is the greatest common divisor of 2783 and w?
11
Let b = 580 + 518. Suppose -r - 2*r = -b. Suppose 953 = 4*g + g - 2*i, -2*g + r = 3*i. Calculate the highest common factor of g and 27.
27
Let r be 3982/55 - (5/20 - 15/(-100)). Calculate the greatest common factor of r and 810.
18
Let i(n) = 6*n + n**2 + 0*n + 5 - n. Suppose -2*w - 14 = 2*q, -2*w - 22*q - 4 = -25*q. Let k be i(w). What is the greatest common divisor of 45 and k?
5
Let z be (2*-1)/(71/(-1562)). What is the greatest common divisor of 2002 and z?
22
Suppose 35*v - 41 - 4684 = 0. Calculate the greatest common divisor of v and 180.
45
Let w = 315 + -75. Let c(m) = m**2 + 25*m - 210. Let s be c(9). What is the highest common factor of w and s?
48
Let p be ((-145)/2)/(((-1320)/(-32))/(-33)). Suppose 2*a - p = a - 2*g, 168 = 3*a + 4*g. Suppose 4*w = -w + 130. What is the greatest common divisor of a and w?
26
Suppose 4*l - 4*z + 135 = 2259, 2*l = -4*z + 1044. Calculate the greatest common divisor of l and 384.
48
Suppose -s - 2*h + 28 = -3, -3*s - 4*h = -83. Let p = 156 + -135. What is the greatest common factor of p and s?
21
Suppose 6*u = 2*u - i + 3834, 4830 = 5*u - 5*i. What is the greatest common divisor of 45 and u?
15
Let p be (-2)/(-12) - 2242/36*-3. Calculate the highest common divisor of p and 22.
11
Let u = -14560 + 14608. Let j be (-4)/(-10) - 2636/(-10). What is the highest common divisor of j and u?
24
Let j be 1499 + (6 - 6) - 11. Calculate the highest common divisor of 120 and j.
24
Let t(w) = -w**2 - 36*w - 194. Let z be t(-16). What is the greatest common factor of z and 651?
21
Let v be (-1 + 548/(-6))*(-76 - -43). What is the highest common divisor of 33 and v?
11
Let z(b) = -2*b**2 + 35*b - 13. Let u be z(17). Let v = 14 + u. Suppose 2*p + i = 50, 4*i - v = -p + 14. Calculate the greatest common divisor of 3 and p.
3
Let f = -307 - -405. Let r(q) = -349*q + 92. Let s be r(-1). What is the greatest common factor of s and f?
49
Suppose 0 = -3*a - t + 989, -4*a + 3*t = 5*t - 1314. What is the highest common divisor of a and 913?
83
Let c(a) = -101*a - 3397. Let d be c(-34). Let q(h) = 152*h + 9. Let f be q(7). What is the highest common divisor of d and f?
37
Suppose -5*o - 5*y - 59 = -4*y, 5*o + 39 = 4*y. Let w be (-4 + 144)*((-308)/16)/o. Calculate the greatest common divisor of w and 14.
7
Suppose v = -2*t + 140 + 127, 5*v + 555 = 4*t. Let c = 66 - 21. Calculate the highest common divisor of c and t.
45
Let f = 1464 + -903. Calculate the greatest common divisor of f and 55.
11
Let a(g) = 6*g - 17. Let k = -52 + 58. Let v be a(k). Suppose 0 = 2*f + 17 - v. What is the highest common factor of 5 and f?
1
Suppose -9*s = 17*s - 286. Suppose 0 = -4*x + 3*b + 19, -4*x + 2 = 4*b - 10. Suppose 239 = x*g + 19. What is the greatest common divisor of s and g?
11
Let z be (10089/76 - (-1)/8*2) + -3. Calculate the greatest common divisor of z and 520.
130
Suppose 5*v = 25, -2*v + 50 = -5*s - 15. Let t(k) = k**3 + 10*k**2 - 10*k + 24. Let h be t(s). Calculate the highest common divisor of h and 3.
1
Let s = 12822 - 12784. Calculate the highest common divisor of 1026 and s.
38
Let o = 21 - 12. Suppose l + 2*r = 34, -r = l - o - 24. Let z = 1132 - 1128. Calculate the highest common factor of l and z.
4
Suppose 2*a + 74 = -4*k, 2*a = 4*a + 2*k + 66. Let t = -26 - a. Suppose t*j - 7 = -2*z + 1, -z + 11 = 5*j. Calculate the greatest common divisor of j and 1.
1
Let r be -3 + (-16)/8 - -30. Suppose -4*m - r*m = -1102. What is the greatest common divisor of m and 342?
38
Let x = -207 + 228. Let a(d) = d**3 - 20*d**2 - 16*d - 90. Let n be a(x). What is the highest common factor of n and 55?
5
Let r = 56 + -29. Let k(s) = 108*s - 12. Let c be k(4). Let a = c - 204. What is the greatest common divisor of a and r?
27
Let i = -7679 + 11513. What is the greatest common factor of 108 and i?
54
Suppose -2*y - 5*h - 258 = 538, 4*y + 5*h = -1602. Let k = -396 - y. Calculate the greatest common factor of k and 413.
7
Let c be 8/12 + 10/(-15). Let j be (1 + 3 - -3) + -4. Suppose c = 10*t + j*t - 1248. Calculate the greatest common factor of t and 16.
16
Let g(l) = -l**3 - 10*l**2 - 14*l + 3. Let b be g(-9). Suppose -42*a + b*a - 42 = 0. Calculate the highest common divisor of a and 56.
7
Let t = 12 - 12. Suppose -4*f - 1016 - 160 = t. Let p be f/70*(-60)/2. Calculate the highest common factor of 14 and p.
14
Let h = -12 + 14. Suppose 5*p = h*d + 90, -5*p + 60 = d + 3*d. Suppose 500*j - 30912 = -217*j + 165*j. Calculate the highest common divisor of j and p.
8
Let b(r) = -26*r + 6. Let j be b(1). Let y be j/25*-1*30. Calculate the highest common divisor of 96 and y.
24
Suppose 0 = -b - 5*i + 269, -65 - 988 = -4*b + 3*i. Calculate the highest common divisor of 672 and b.
24
Suppose l - q + 6*q - 26 = 0, 0 = -4*l + 2*q + 148. Suppose r - 57 - 3 = 0. What is the greatest c